e y(3). Suppose -3*x + v = -2*x. Suppose 50 = 2*t + 4*q, -3*q - 85 = -2*t - 0*q. Calculate the remainder when t is divided by x.
11
Let i(b) = 8*b**2 + 4*b + 4. Let d(g) = g**2 + 1. Let c(h) = -5*d(h) + i(h). Suppose 0 = -7*s + 3*s + 20. Calculate the remainder when c(-3) is divided by s.
4
Let k(u) = 6*u - 30. Calculate the remainder when k(13) is divided by 27.
21
Suppose -b + 10 = 2*x - 2*b, x - 3*b - 15 = 0. Suppose x*l = l + 16. Suppose -3*y + l*y - 55 = 0. Calculate the remainder when 42 is divided by y.
9
Calculate the remainder when 198/6 + 0/2 is divided by 17.
16
Let u be -1 + 1 - (-4)/2. Suppose -u*p + 6 + 4 = 0. Calculate the remainder when 9 is divided by p.
4
Suppose 4*c + 2*s - 16 = 8, -4*s = -2*c + 22. Let x(b) = -b**2 - 21*b - 15. Let a be x(-18). Suppose a = d + c. What is the remainder when d is divided by 17?
15
Let h(g) = -23*g**3 - g**2 + 2. Let f(w) = 23*w**3 + w**2 - 3. Let q(t) = 2*f(t) + 3*h(t). What is the remainder when q(-1) is divided by 0/(4/(-2)) - -8?
6
Suppose n + 4 - 17 = -5*s, 0 = 3*s - 2*n. Suppose -5*u - s = -42. What is the remainder when u is divided by 4/(-12) - (-10)/3?
2
Let g be (1 - 2) + -3 + 1. What is the remainder when 12 is divided by (-20)/(-3) + g/(-9)?
5
Let l(d) = -d**2 + 8*d + 4. Let m be l(10). Calculate the remainder when 23 is divided by 3/(-2*3/m).
7
Let j = 14 - -17. Suppose -7 + 72 = -5*y. Let c = y + 29. Calculate the remainder when j is divided by c.
15
Suppose -4*n = -43 + 7. Calculate the remainder when 25 is divided by n.
7
Suppose 0*d + d = -3. Let l = 6 - d. Calculate the remainder when l is divided by 5.
4
Let f be 2/7 + (-12)/(-7). Suppose -f*n + 37 - 9 = 0. What is the remainder when 40 is divided by n?
12
Suppose 17 - 7 = -5*h. Suppose -4*z + 2*z + 16 = 0. Calculate the remainder when 2/(-4) - 47/h is divided by z.
7
Suppose 0 = 4*f + 6 - 10. Calculate the remainder when f is divided by 1.
0
Suppose 3*t - t = 18. Suppose -75 = -t*y + 4*y. Calculate the remainder when 26 is divided by y.
11
Let f(b) = -b**3 - 7*b**2 - 10*b - 5. What is the remainder when f(-7) is divided by 17?
14
Suppose -d + 0 + 8 = 0. Suppose -z + 5*z + 3*g = 212, -5*z = 3*g - 265. What is the remainder when z is divided by (-180)/(-8)*d/10?
17
Let k(b) = -b**3 + 4*b**2 + b - 7. Let q be k(3). Suppose -q*i - 4 = -7*i. Calculate the remainder when i is divided by 1.
0
Suppose -3*c - 9 = -84. What is the remainder when 34 is divided by c?
9
Let n(r) = r**2 - 7*r + 5. Let m(x) = -x**3 - x**2 + 8*x + 3. What is the remainder when m(-4) is divided by n(7)?
4
Let l = -6 + 31. What is the remainder when l is divided by 14?
11
Let z(v) = v + 10. Let s be z(-6). Suppose -2*x = -l - 55, -x - l - s*l + 44 = 0. Calculate the remainder when x is divided by 15.
14
Let i = -31 + 45. Let d(r) = 2*r**2 - 15*r - 4. What is the remainder when i is divided by d(8)?
2
Let v(f) be the third derivative of f**6/120 + 17*f**5/60 - f**4/12 - 17*f**3/6 - 3*f**2. Calculate the remainder when 66 is divided by v(-17).
15
Let v be (-1)/(((-2)/10)/1). Suppose -261 - 69 = -v*y. Calculate the remainder when y is divided by 17.
15
Let g(z) be the third derivative of -z**4/8 - z**3/2 + 2*z**2. Calculate the remainder when 10 is divided by g(-3).
4
Suppose -5*k + 4*k = 2*i + 11, -2*k = -5*i - 14. Let c(l) = l**2 + l + 2. Calculate the remainder when c(k) is divided by (-5)/5*-8 + -3.
3
Let j = -25 + 35. Calculate the remainder when 19 is divided by j.
9
Suppose -5*t = 5*s - 4*t + 279, 114 = -2*s + 2*t. Let i be (s/20)/(2/(-10)). Let y = i - 8. Calculate the remainder when y is divided by 4.
2
Suppose -2*d + 0*d = -28. What is the remainder when 39 is divided by d?
11
Let r(f) = 6*f + 7. Calculate the remainder when (-36)/2*-1*1 is divided by r(0).
4
Let k(u) = -2*u + 3. Calculate the remainder when 38 is divided by k(-5).
12
Let i be (-1)/(3/(-9)*1). Let g be (-602)/i - (-2)/3. Calculate the remainder when 27 is divided by (-4)/(-6) + g/(-15).
13
Let b(k) = -20*k - 10. What is the remainder when b(-3) is divided by 17?
16
Let t(b) be the third derivative of b**6/120 - b**5/20 + b**4/8 - 7*b**3/6 - b**2. Suppose -32 = -k - 12. What is the remainder when t(5) is divided by k?
18
Suppose 3*m + 100 = 8*m. Calculate the remainder when m is divided by 3.
2
Let o = 137 + -62. Calculate the remainder when o is divided by 28.
19
Let a(x) = -x**3 + x**2 - x + 13. Calculate the remainder when a(0) is divided by ((-35)/(-10) + -5 + 1)*-14.
6
Let g = 13 + -5. Calculate the remainder when 14 is divided by g.
6
Suppose 0*p - 3*p = -90. Calculate the remainder when 58 is divided by p.
28
Let y = -5 + 10. Suppose -2*q - 3*d + 5 = -6*d, q + y = 3*d. Calculate the remainder when 19 is divided by q.
9
Let l(h) = h**2 + 2*h - 4. Let q(s) = -s + 1. Let c be q(0). What is the remainder when l(4) is divided by (5 - c) + -2 + 5?
6
Let c = -3 - -7. Suppose -c*j = j. Suppose j = -2*h - 6 + 34. What is the remainder when h is divided by 5?
4
Suppose 3*w + 15 + 30 = -5*y, 4*y = 5*w + 1. What is the remainder when ((-52)/(-10))/(y/(-15)) is divided by 5?
3
Suppose -12 = -c + 2*o + 12, -4*c + 66 = -2*o. Suppose v = -2*v + 159. What is the remainder when v is divided by c?
11
Let y(o) = 2*o + 4. Suppose 6*h = 5*h + 2*v - 50, v = 4*h + 179. Let j = 2 - h. What is the remainder when j is divided by y(4)?
10
What is the remainder when (-2)/(-8) - 123/(-4) is divided by 12?
7
Suppose 12*x - 1166 = x. Calculate the remainder when x is divided by 55.
51
Calculate the remainder when -6*34/(-4) + -2 is divided by ((-2)/3)/((-8)/156).
10
Let z = 19 - 12. Let s = -36 + 48. What is the remainder when s is divided by z?
5
Let f = -20 + 24. Let z be 2 + -1 + (6 - 2). Suppose -z*t + 5*l + 115 = 0, 0 = f*t - 4*l + l - 87. What is the remainder when t is divided by 10?
8
What is the remainder when 82 is divided by (-3)/2 + 180/8?
19
Suppose -60 - 36 = -8*p. What is the remainder when p is divided by 3?
0
Suppose -2*m - 15 = -0*b - b, -3*m - 14 = -b. What is the remainder when 84 is divided by b?
16
Suppose -u + 0 + 2 = 0. Calculate the remainder when 29*(-1 + u + 0) is divided by 15.
14
Suppose 2*p = 7*p - 5. Suppose -23 = -c + 4*w, -c = -3*c - 4*w - 14. Calculate the remainder when c is divided by p.
0
Let m = 28 + -19. Let o(c) = -c**2 - 12*c + 18. What is the remainder when m is divided by o(-13)?
4
Suppose -i + 2*d + 10 + 0 = 0, -5*d = 4*i + 12. Let c(n) = 4*n**3 - n**2 - 2*n - 1. Calculate the remainder when 43 is divided by c(i).
20
Let k be (-2)/(-4)*4/(-2). Suppose 4*t - 13 + 1 = 0. Let i = k + t. What is the remainder when 5 is divided by i?
1
Let v(a) = -a**2 - 12*a + 1. What is the remainder when v(-6) is divided by 10?
7
Let b(o) = -3*o**3 - 2*o**2 + o + 1. What is the remainder when 74 is divided by b(-2)?
14
Let b = -30 + 49. Suppose -148 = -4*g - 0*g. Calculate the remainder when g is divided by b.
18
Let c be 182/6 - (-2)/(-6). Suppose -2*i - 40 = -6*i - 5*n, -n + c = 3*i. Calculate the remainder when 27 is divided by i.
7
Let m(x) = -x**3 - x + 1. Let c(w) = 4*w**3 - 13*w**2 + 17*w - 17. Let k(a) = c(a) + 3*m(a). What is the remainder when 17 is divided by k(12)?
7
Let n = 25 + -4. What is the remainder when 38 is divided by n?
17
Let j be -1 - (-20 - (2 + -2)). Let l = -11 + j. Calculate the remainder when l is divided by 5.
3
Let p = -19 - -31. Let m = 12 - -35. What is the remainder when m is divided by p?
11
Let a(p) = -p**3 - 11*p**2 - 10*p + 11. Let y = 20 - -12. Calculate the remainder when y is divided by a(-10).
10
Suppose -4*k - 9*k = -364. Calculate the remainder when k is divided by 15.
13
Let f be 0 - (-7)/((-14)/(-188)). Let k = -32 + f. What is the remainder when k is divided by 16?
14
Let n = 9 + -9. Suppose -7*a + 10*a - 48 = n. Calculate the remainder when 30 is divided by a.
14
Let o(r) = r**2 - 4*r - 2. Let k = 13 - 8. Let h be o(k). Suppose h*x - 58 = 38. Calculate the remainder when x is divided by 11.
10
Let n = 17 + 15. Calculate the remainder when n is divided by 11.
10
Let a(o) = 4*o - 5. Let i = 148 + -80. What is the remainder when i is divided by a(7)?
22
Let r = -16 - -25. Calculate the remainder when 25 is divided by r.
7
Let r(h) = -2*h**2 - h - 1. Let c be r(-1). Let v be 1/2 + 5/c. What is the remainder when 13 is divided by v/(-2*1/